 is divided by v.
1
Suppose 73 = 9*i - 152. Calculate the remainder when i is divided by 16.
9
What is the remainder when 335 is divided by 1/3*71 - (-5)/15?
23
Suppose -180 = -4*p - 64. What is the remainder when (-518)/(-21)*9/2 is divided by p?
24
Let i(a) = 10*a**2 + 55*a - 17. What is the remainder when 400 is divided by i(-6)?
10
Suppose -4*v + 70 = v. Suppose 0 = 4*d - r - v, -2*d - 5*r + 2 = 6. Calculate the remainder when d + 2/(-1) + 42 is divided by 22.
21
Suppose 3*y + 60 = 4*j, 0*j - 5*j + 64 = -y. Suppose -3*i - 2*i - 2*l + 673 = 0, -3*l + j = 0. Calculate the remainder when i is divided by 27.
25
Suppose 4*w = 12, h - 11*w + 13*w - 17 = 0. What is the remainder when 227 is divided by h?
7
Let i(x) = 46*x + 1. Calculate the remainder when i(1) is divided by (-3 - -12) + 1/1.
7
Let q be 8*6/((-12)/(-11)). Suppose 5*v + 4*b = q, -3 = 4*b + 13. What is the remainder when 51 is divided by v?
3
Let a(w) = -w**2 - 286*w + 2 + 279*w - 2. What is the remainder when 58 is divided by a(-3)?
10
Let z(f) = 21*f - 4. Let o = -2 - -5. Let d(l) = -2*l**3 + l**2 + 4*l + 3. Calculate the remainder when z(o) is divided by d(-2).
14
Let d(i) = i**3 + i**2 - 8*i + 2. What is the remainder when d(4) is divided by 6?
2
Suppose 31*k - 3*k - 560 = 0. Suppose 0*u + 39 = u. What is the remainder when u is divided by k?
19
Let i(o) = -2*o**3 + o**2 + 2*o + 28. What is the remainder when 445 is divided by i(0)?
25
Let u(b) = 24*b - 39. Calculate the remainder when u(7) is divided by 10.
9
Let b = -778 + 1184. What is the remainder when b is divided by 17?
15
Let l(n) = -n + 26. What is the remainder when 690/10 + (-2 - 1) is divided by l(12)?
10
Suppose -x = -k + 33, -166*k - 89 = -169*k - 2*x. Suppose 170 = 3*c - 2*w, -4*w + 2*w = -5*c + 286. Calculate the remainder when c is divided by k.
27
Suppose 0 = -7*g - 70 + 336. Calculate the remainder when g is divided by (-11)/(44/(-48)) - 2.
8
Let c(b) = -319*b + 664. Suppose -3*n - n = -196. What is the remainder when n is divided by c(2)?
23
Let i(m) = -m**3 + 10*m**2 + m + 22. Calculate the remainder when 215 is divided by i(10).
23
Suppose u + 3*u = 616. Let n = u + -107. Suppose -1954*m + 304 = -1935*m. Calculate the remainder when n is divided by m.
15
Let d(x) = x**3 - 10*x**2 + x - 5. Calculate the remainder when d(10) is divided by -8*(-7)/(-126)*-9.
1
Suppose -11 + 1 = 5*y. Let g(k) = k**3 + 2*k**2 - 2*k - 1. Calculate the remainder when g(y) is divided by (12/4)/(2 + -1).
0
Let x = 56 - 13. Suppose 59 = 5*p - 6. What is the remainder when x is divided by (p - (6 - 4))*1?
10
Let r = 152 + -142. What is the remainder when 77 is divided by r?
7
Let l = 1754 + -1333. Calculate the remainder when l is divided by 9.
7
Suppose -1095 = -11*x + 8*x. Calculate the remainder when x is divided by 16.
13
What is the remainder when 52/78 - (-692)/6 is divided by 52?
12
Let p = 624 - 594. Calculate the remainder when 40 is divided by p.
10
Let j = 5 - 4. Calculate the remainder when -5*(-28 + 2 + j) is divided by ((-32)/(-5))/((8 + -6)/10).
29
Let k(w) be the second derivative of 5*w**4/12 - w**3/6 + 2*w**2 - 7*w. Let d be k(5). Let g = -72 + d. Calculate the remainder when g is divided by 27.
25
Suppose 5*w + d - 637 = -2*d, w - 121 = d. Suppose 6*t + w = 773. Calculate the remainder when t is divided by 11.
9
Let r(o) = 2*o - 3. What is the remainder when r(6) is divided by 6?
3
Let p(l) = -20 - 30 + 5*l - 9*l + 9*l. What is the remainder when (4/10)/(2/190) is divided by p(12)?
8
Suppose 3*q - 2*x = -8, 7*q - 3*x + 12 = 4*q. Suppose q = 34*w - 30*w - 208. What is the remainder when w is divided by 14?
10
Let d = -114 - -161. Let k = -53 + 43. Calculate the remainder when d is divided by ((-4)/k)/((-8)/(-480)).
23
Suppose 16*a = 1582 + 754. Calculate the remainder when a is divided by 48.
2
Let d = 2594 - 2477. What is the remainder when 360 is divided by d?
9
Suppose -3*c + 49 = l + 3*l, c - 14 = l. Calculate the remainder when ((-6)/4)/((-55)/990) is divided by c.
12
Let x(r) = -r**3 + 17*r**2 - 16*r - 51. What is the remainder when x(15) is divided by 33?
27
Let j = 0 - -5. Let b = 32 - j. Let q = 42 - b. Calculate the remainder when 44 is divided by q.
14
Suppose 0 = 5*o - 5*m - 0*m - 15, -3*m = -9. Let p(y) = 0*y**2 - 2 - y**2 + 4 + o*y**2 - y. What is the remainder when 94 is divided by p(-2)?
22
Let z(a) = -a**3 + 4*a**2 + a + 10. Let y be z(5). What is the remainder when (-1 + 2)/1 + 99 is divided by (-715)/22*8/y?
22
Let v(u) = u**2 - 3*u + 1. Suppose -2*h + 10 = 3*h. Let x be v(h). Let m(f) = -7*f. Calculate the remainder when 18 is divided by m(x).
4
Let y(k) = -k**3 - 5*k**2 - 3*k - 2. Suppose -2*r = -7*r - 20. Let f be y(r). Let z = 7 - f. Calculate the remainder when 36 is divided by z.
10
Suppose -2*n + 147 = 5*b, -5*b + 83 = 3*n - 150. What is the remainder when n is divided by 43?
0
Suppose -4*o = 2*n - 3*o - 37, 58 = 3*n + 4*o. Suppose 2*l + 3*d - 2 = n, 0 = 4*l - 2*d - 40. Calculate the remainder when 87 is divided by l.
7
Suppose -43 = -3*o + 32. Suppose 32*q - 14*q = 162. Calculate the remainder when o is divided by q.
7
Calculate the remainder when (0 - 2 - -64)/((-7)/(-14)) is divided by 5.
4
Let z = -20 - -39. Suppose -4*g = 5*x - 47, -3*g + 0*x - 5*x = -39. Let i = z - g. What is the remainder when 21 is divided by i?
10
Calculate the remainder when 216/20*(-10)/(-4) is divided by (-18)/3 + 8 + 5.
6
Suppose 4*s + 33 + 75 = -5*n, 81 = -3*s + 4*n. Let l = 42 + s. Let j = 90 - 31. Calculate the remainder when j is divided by l.
14
Suppose k + 16*o = 11*o + 65, -2*o + 53 = k. Calculate the remainder when 88 is divided by k.
43
Let z(g) = -g**2 - 8*g - 15. Let k be z(-6). Let b(d) = -7*d - 7. What is the remainder when 94 is divided by b(k)?
10
Let s(g) = 4*g**3 - g**2 - 3*g + 3. What is the remainder when s(3) is divided by 32/(-12)*(-18)/(-12) - -24?
13
Suppose 239 + 97 = 2*y. What is the remainder when y is divided by 43?
39
Let q be (3 + 0)/(-6)*-4. Suppose 0*z + q = z + g, 10 = 2*z - 4*g. Calculate the remainder when (33 - (-9)/z) + 1 is divided by 10.
7
Suppose n - 5*s - 5 = 0, 2*s + 3*s + 55 = -4*n. Let j(m) = -3*m**3 - m - 2. Calculate the remainder when j(-3) is divided by (5/10 - (n - 0))*2.
19
Let u(a) = a**2 + a - 1. Let p(l) = 72*l**2 - 2*l + 3. Let j(q) = p(q) + 6*u(q). Calculate the remainder when j(1) is divided by 8.
7
Suppose f = 6*f - 4*r - 106, 4*f = -r + 68. What is the remainder when 284 is divided by f?
14
Suppose -17 = -c - 3*c - 3*a, -3*c = -5*a - 20. Suppose 0*q + q - 3*s = 45, 0 = -c*s - 10. What is the remainder when q is divided by 8?
7
Suppose 0 = -5*w + 7*w + 2*l - 54, 5*w + 3*l - 137 = 0. What is the remainder when 77 is divided by w?
21
What is the remainder when (-4)/((-176)/(-184) + -1) is divided by 49?
43
Let q = 616 - 599. Suppose 0 = 3*h - 14 - 16. Calculate the remainder when q is divided by h.
7
Suppose 2*n = 2*r + r, -n = 4*r - 11. Let w(s) = -s**2 - 14*s - 42. Let k be w(-11). What is the remainder when (-542)/k + r/(-9) is divided by 31?
29
Suppose -5*t = -2*b + 3*b - 9, t + 3 = -5*b. Suppose -4*h - 4*r = -108, -r + t*r - 83 = -3*h. What is the remainder when 110 is divided by h?
26
Let d(y) = 9*y + 4 + 4*y**2 + 4*y**3 - 12*y**2 - 5*y**3. Let g be d(-9). Suppose 0 = g*q - 6*q + 26. What is the remainder when 51 is divided by q?
12
Let q(t) = t**3 - 38*t**2 + 45*t - 150. Calculate the remainder when q(37) is divided by 49.
48
Calculate the remainder when 1103*1 + (-1 - -1 - -6) is divided by 11.
9
Suppose -3*n - 39 = -3*q + 63, 3*q - 106 = n. Suppose -107 = -13*a + q. Calculate the remainder when a is divided by 2.
1
Let r(k) = k. Let t be r(0). Suppose t = -2*p + 5*b + 80, -2*p + 2*b + 144 = 2*p. What is the remainder when p is divided by 12?
11
Calculate the remainder when 23492/22 - (1596/(-308) - -5) is divided by 10.
8
Suppose 0 = -5*q - 0*q - 10. Let j be 3 - 1 - (-1 + q). Let b(s) = -s**3 + 5*s**2 + s + 7. Calculate the remainder when 34 is divided by b(j).
10
Let z(o) = -4*o + 2. Let w be z(2). Let g be (-124)/w + 1/3. Suppose -g = -2*v - 3*y, 4*v + 2*y - 34 = 4*y. What is the remainder when 15 is divided by v?
6
Let d(q) = -2*q**3 - 9*q**2 + 2*q. Calculate the remainder when 433 is divided by d(-5).
13
Let j = -46 + 67. Let v be (-712)/(